 remainder when k is divided by (20/f)/(-1)*-6.
19
Suppose -t - 6 = -34. Suppose 3*f - 9 = -0*f. Suppose 9*y + 20 = 3*p + 4*y, -f*p = 3*y - 36. What is the remainder when t is divided by p?
8
Suppose -37 = -x + 2*d, d - 168 = -4*x + 5*d. Let o(u) = u**3 + 7*u**2 + 2*u - 8. Calculate the remainder when x is divided by o(-6).
15
Suppose 0 = -3*j - 5*t + 29, j + 0*j - 9 = -2*t. Calculate the remainder when 76 is divided by j.
11
Suppose 14*t - 138 = 13*t. What is the remainder when t is divided by 35?
33
Let u(x) = -x**3 - 5*x**2 - 8*x - 7. What is the remainder when 50 is divided by u(-4)?
5
Calculate the remainder when 108 is divided by (-2 - (-1)/(-3))*(-16 + 4).
24
Let f = 53 + -29. Calculate the remainder when 93 is divided by f.
21
Suppose -2*l + 4*l - 6 = 0. What is the remainder when l is divided by 2?
1
Let i(w) = 3*w + 4. Suppose 4*z - 4*g - 212 = 0, 2*g = -2*g - 12. What is the remainder when z is divided by i(3)?
11
Suppose y + j = 1, -2*j + 14 = -4*y + 2*y. Suppose 5*d = -3*k + 13, -k - 16 = -4*d + 8. Calculate the remainder when y*-3*k/(-18) is divided by 1.
0
Let w be (-8)/2 - -15 - 1. Let s = 30 - w. What is the remainder when s is divided by 7?
6
Let o = 9 - -3. What is the remainder when o/4 - (-3 - 72) is divided by 20?
18
Suppose 0 = -2*i + 41 - 7. Suppose -31 = 5*o - 166. Suppose 2*x - o = -x. What is the remainder when i is divided by x?
8
Let i(z) = z**2 - z - 3. What is the remainder when 42 is divided by i(-3)?
6
Suppose h - 3*a + 49 = -2, -5*a + 205 = -5*h. What is the remainder when 33 is divided by 2/((-8)/h) - -3?
9
Suppose 5*a + q - 62 = 0, a + 0*a = -2*q + 16. Suppose o + 29 = b, -13 = -5*o + 7. What is the remainder when b is divided by a?
9
Let f(m) = -2*m - 10. Let v(k) = k + 5. Let u(l) = -3*f(l) - 5*v(l). Let a = 7 - 0. What is the remainder when 23 is divided by u(a)?
11
Let h(m) = m**3 - 6*m**2 + m + 12. Calculate the remainder when 51 is divided by h(6).
15
Suppose 5*u - 3*n - 12 = 0, n - 5 = -4. Suppose 11 = 3*m - 4. Suppose 5*c = 6*c - m*z - 19, -u*z = 3*c - 21. What is the remainder when c is divided by 3?
0
Suppose -3*b + 29 = 8. Suppose -b = 2*u - 21. What is the remainder when u is divided by 4?
3
Let t(c) = 5*c + 4*c**2 - 5*c**2 + 2*c**2 - 5. Calculate the remainder when t(-7) is divided by 5.
4
Suppose k - 36 = -6*t + 2*t, -2*t + 32 = 4*k. Suppose 0 = -2*b + 7 + 23. Calculate the remainder when b is divided by t.
7
Suppose 3*r - 5 = 2*r. Suppose 3*i + 6*w - 2*w - 83 = 0, -r*i + 4*w + 85 = 0. Calculate the remainder when i is divided by 8.
5
Suppose -4*n - 19 = -4*w - 7, 19 = 4*w + 3*n. Suppose 68 = w*h - 92. Calculate the remainder when h is divided by 14.
12
Suppose 360 = 4*a + 4*a. Calculate the remainder when a is divided by 24.
21
Let g(c) = -c**2 - 4*c + 8. What is the remainder when 7 is divided by g(-5)?
1
Let q be 2/4 + (-4)/8. Suppose -a - z + 3*z + 34 = q, 0 = 2*a - 5*z - 69. What is the remainder when a is divided by 11?
10
Let q = 3 + 3. Let l = -10 + 20. What is the remainder when l is divided by q?
4
Let n = -5 + 18. Let v = 21 + -18. Suppose 3*h + j = 108, 0 = 2*h - v*j - 0*j - 83. Calculate the remainder when h is divided by n.
11
Let p be (-84)/(-15) + (-15)/25. Suppose p*u = 72 + 153. Calculate the remainder when u is divided by 12.
9
Let h(x) = -4*x - 1 + 4*x + x. Let i be h(5). Suppose 5 - i = -b, 0 = r - 4*b - 39. Calculate the remainder when r is divided by 12.
11
What is the remainder when 31 is divided by ((-9)/(-1) + -1)*2?
15
Suppose 3*u - 7 = 2*g + 3*g, 0 = 4*u - 4*g - 12. Suppose -p - u*t - 18 = -2*p, -p + 2*t = -10. What is the remainder when 5 is divided by p?
1
Suppose -39 = -5*g + 46. Suppose 0 = -2*v + 52 + 8. Suppose -4*o = o - v. What is the remainder when g is divided by o?
5
Let s(m) = m**2 - 3*m + 3. Let y be s(2). Suppose 7 = 4*a - y. What is the remainder when a is divided by 2?
0
Let q = 1 + 17. What is the remainder when 2 + 2 + (28 - -2) is divided by q?
16
Let p = 8 - -13. What is the remainder when 125 is divided by p?
20
Suppose 5*h - 30 - 65 = 0. Let k(o) = -o**3 - 11*o**2 - 9*o + 12. Let a be k(-10). Suppose a*p = -3*p + 50. What is the remainder when h is divided by p?
9
What is the remainder when 46 is divided by 9 - (4 - (0 - -7))?
10
Suppose -77 = -3*h + 7*u - 3*u, 2*u - 47 = -3*h. What is the remainder when 91 is divided by h?
15
Suppose 0 = -4*j + 10 + 10. Suppose 4 = n + j, 3*n + 54 = 3*m. What is the remainder when m is divided by 10?
7
What is the remainder when 7 is divided by (2*-2)/(14/(-21))?
1
Suppose 0 = -6*c + c + 5. Suppose 0*o + 6 = 2*o. Suppose -5*w - o*t = -0*t - 5, 0 = -w + t + 1. Calculate the remainder when c is divided by w.
0
Calculate the remainder when 64 is divided by (5 + -4)*(33 + 1).
30
Suppose -2*n = h - 21, 3*h + 18 - 81 = -4*n. Let c = 139 - 78. What is the remainder when c is divided by h?
19
Let f = -25 - -12. Let s = f - -1. Calculate the remainder when 21/(-2)*s/9 is divided by 8.
6
Let u(t) = 12*t - 2. Let k be u(2). Suppose 2*m - m - k = 0. Let l(j) = -3*j - 19. What is the remainder when m is divided by l(-9)?
6
Let c(m) = -m + 2. Suppose -5*j - 27 = 8. Calculate the remainder when 25 is divided by c(j).
7
Suppose -4*j = l - 44, -5*j - 24 + 1 = -2*l. Calculate the remainder when 69 is divided by l.
21
Calculate the remainder when 48 - 3/6*4 is divided by 24.
22
Suppose 3*i = -2*i + 5. Let g = 7 - i. Calculate the remainder when 11 is divided by g.
5
Let f = 23 - 8. Suppose 0 = -14*n + 11*n + 24. Calculate the remainder when f is divided by n.
7
Let g = -38 - -56. Let j = 25 - g. What is the remainder when 12 is divided by j?
5
Let h(f) = -f**2 + 7*f - 3. Let k be 8/(-6)*(-9)/(-2). What is the remainder when (-33)/1*(5 + k) is divided by h(4)?
6
Suppose 6 = w - 8. Suppose -3*d = -33 + 105. Let b = -16 - d. What is the remainder when w is divided by b?
6
Let i = 103 - 100. What is the remainder when 10 is divided by i?
1
Let g = -7 + 22. What is the remainder when 53 is divided by g?
8
Let t = 61 + -42. Suppose -5*o = -4*o - t. Calculate the remainder when o is divided by (-29)/(-4) - 2/8.
5
Suppose 27*m - 32*m + 370 = 0. What is the remainder when m is divided by 26?
22
Let w = -9 + 13. Suppose 5*r + 2 = w*r - 4*d, -5*d = 2*r - 8. What is the remainder when 25 is divided by r?
11
Suppose -2*u = 29 - 73. Calculate the remainder when 40 is divided by u.
18
Calculate the remainder when 26 is divided by 3 + 11 + 0 - 0.
12
Let c(r) = r**3 + 10*r**2 + 8*r + 3. Suppose -26 - 9 = -j. Calculate the remainder when j is divided by c(-9).
11
Suppose 3*o = 5*u - 202, 3*u = 2*o + 87 + 47. Calculate the remainder when o/(-3) + 8/(-24) is divided by 11.
10
Let s = -51 - -68. What is the remainder when 31 is divided by s?
14
Let b = -11 - -24. Let g be (-3)/2*20/(-6). Suppose -2*a = -g*a + 75. Calculate the remainder when a is divided by b.
12
Suppose -2*v = 2*f + 18, -5*v + 2*f - 15 - 37 = 0. Suppose -c = -0*x - x - 35, 4*c - 2*x = 146. Calculate the remainder when c is divided by 6*-5*v/15.
18
Let v(j) be the first derivative of -j**4/4 + 2*j**3 + 3*j**2/2 - 4*j - 4. What is the remainder when v(4) is divided by 14?
12
Let x be (4 - -3) + (-2 - 1). Suppose q + q = x. Calculate the remainder when ((-32)/(-20))/(q/30) is divided by 13.
11
Suppose 8*v = 13*v - 75. What is the remainder when 28 is divided by v?
13
Suppose -4*v + 202 = 3*s - 9*v, -4*s = 3*v - 250. Calculate the remainder when s is divided by 36.
28
Suppose -4*z = 3 - 7, -395 = -5*w - 5*z. What is the remainder when w is divided by 20?
18
Let r(u) = u**2 - 4*u + 5. Let s = 10 - 7. Suppose -d + x + 9 = 0, x - s = -d - 4. Calculate the remainder when r(d) is divided by 3.
2
Suppose 0*x - 3*x - 50 = -4*j, 3*j + 2*x = 46. Let n be 1/4 + 15/4. What is the remainder when 11 is divided by j/3 - n/6?
3
Suppose 4 = 4*r - 5*b - 0, 3*r - 5*b = 3. Let i(v) = -v**3 + 3*v**2 + 2*v - 2. Let j be i(4). Calculate the remainder when (-11 + 6)/(r/j) is divided by 17.
16
Suppose 0 = -3*k - 6 - 6. Let o = 7 + k. Suppose p = 5, -3*d + 121 = -o*p - 20. What is the remainder when d is divided by 18?
16
Suppose 7*w + 25 = 2*w, -4*o + 20 = -4*w. Suppose 2*z = 3*g - 59, -z = -5*g + 96 - o. What is the remainder when 55 is divided by g?
17
Let h(r) = 16*r + 6. What is the remainder when h(3